s the units digit of r?
3
Suppose 4*o - 24 = 160. What is the units digit of o?
6
Suppose -2*r - 4*g + 0*g = -682, 4*r + 3*g = 1339. What is the hundreds digit of r?
3
Let t(o) = -o**3 - 6*o**2 - 7. Let z be t(-5). Suppose -n - n - 6 = 0. What is the tens digit of (n - 5/(-2))*z?
1
Let z(u) = u**2 - 6*u + 9. Let s = -17 - -23. What is the units digit of z(s)?
9
Suppose -2*b = 3*b - 10. Suppose -n = -b*n + 17. What is the tens digit of n?
1
Suppose 0 = 4*q - 3*q - 87. What is the tens digit of q?
8
Suppose -2*d - 3*i = 2*d + 41, -2*d - 25 = 3*i. Let m = d + 19. What is the units digit of m?
1
Suppose z = 0, 4*z + 35 = 2*c - 83. What is the units digit of c?
9
What is the tens digit of 4/(32/460) + 3/(-6)?
5
Suppose 5*l - l = 72. What is the tens digit of l?
1
Suppose 5*y + p = -p + 21, 0 = 4*p + 8. Suppose 0 = -3*n + 4*w + 90, -w - 150 = -y*n - 0*w. What is the tens digit of n?
3
Let x(s) = 6*s**2 - s**2 + 1 + 6*s**2 + 4*s**2 + s. What is the units digit of x(-1)?
5
Let u(n) = -n + 8. Let r be u(4). Let q = -5 + r. What is the units digit of 8 + (q - (-3)/(-3))?
6
Suppose -4*a + a = 4*r - 14, -a + 18 = 4*r. Suppose 4 - 19 = r*u. What is the units digit of u/(-3)*0 + 2?
2
Let b(v) = -v**3 + v**2 - 12*v - 71. What is the units digit of b(-5)?
9
What is the units digit of 0 - 6/(-9) - (-178)/3?
0
Let q = 2 + 7. Let m be (-6)/q - (-196)/6. Suppose d + 4*h - m = -4*d, -d - 2*h = -4. What is the units digit of d?
8
What is the units digit of (-760)/(-18) + (-4)/18?
2
Let i = -22 - -18. What is the units digit of (90/12)/((-2)/i)?
5
Let i = 129 + 38. What is the hundreds digit of i?
1
Suppose 1 - 5 = 4*k. Let d be (2 - 1)/(k/(-5)). Suppose 15 = 5*q - d. What is the units digit of q?
4
Let f = 409 - 40. What is the hundreds digit of f?
3
Let b = 309 + -213. What is the units digit of b?
6
Let x(y) = 2*y**2 + 4*y + 6. What is the tens digit of x(8)?
6
Suppose 3*g + 8 = 23, 2*i + 3*g - 27 = 0. Let d(q) be the first derivative of q**4/4 - 5*q**3/3 - 2*q**2 - 5*q - 4. What is the units digit of d(i)?
7
Let z = -5 - -7. Let v = z - -8. What is the units digit of v?
0
Suppose -102 = -2*a + 188. What is the tens digit of a?
4
What is the hundreds digit of 5255/17 - (-28)/(-238)?
3
What is the tens digit of -1 - (-4)/4 - -19?
1
Suppose 0*r = r - 1. What is the units digit of r?
1
Let a(z) = -13*z - 5. What is the tens digit of a(-4)?
4
Suppose 5*w + 41 = -c, 5*w + 21 = 4*w + 3*c. Let f = w + 14. Suppose -3*x + 28 = 2*n, -n + 25 = f*x - 3. What is the units digit of n?
8
Suppose 2*t - 6 = -3*y + 22, 3*y - 32 = 2*t. What is the tens digit of y?
1
Let m(j) = 5*j**2 + 10*j - 9. Let k(n) = -9*n**2 - 20*n + 17. Let v(o) = 4*k(o) + 7*m(o). What is the units digit of v(-8)?
1
Let d = 6 - -1. Let a(t) = 2*t + 10. What is the tens digit of a(d)?
2
Suppose -3*a - a + s + 28 = 0, 3*s + 14 = 2*a. What is the tens digit of 4/(-14) - (-86)/a?
1
Suppose -k - 144 = 3*k. What is the units digit of ((-2)/(-3))/((-2)/k)?
2
Let b = -13 - 7. Let f be ((-225)/b)/((-6)/(-16)). Suppose 0 = -c - 4*c + f. What is the units digit of c?
6
Suppose -3*d = -3*i + 288, 6*i - 2*i - 5*d = 380. What is the units digit of i?
0
Let n = -6 - -86. Suppose 4*c - 6*l = -2*l + n, 4*l + 100 = 5*c. What is the tens digit of c?
2
Let z(f) = -f**3 + 9*f**2 - 4*f - 2. What is the tens digit of z(8)?
3
Let k(w) = -w**3 + 12*w - 6. What is the tens digit of k(-6)?
3
Let y(s) = 14*s - 5. Let b(w) = 29*w - 10. Let z(n) = -2*b(n) + 5*y(n). What is the tens digit of z(2)?
1
Let u(z) = z**2 + 4*z - 6. Let d be u(-5). Let f(i) = 4*i**2 + i. Let v be f(d). Suppose 2*a - 3*l - 23 = 5, 4*l = -v*a + 25. What is the tens digit of a?
1
Suppose 2*f + 5*y = -2, 0 = 3*f - 0*y - 3*y - 18. Suppose -4*v + f = -0. What is the units digit of v?
1
Let r(k) = -21*k - 1. Let z be r(-1). Suppose -2*s + z = -12. What is the units digit of s?
6
Let u = -19 + -6. Let b = u + 54. What is the units digit of b?
9
Let s = 308 + -161. What is the hundreds digit of s?
1
Let c be 5*(3 - (0 + 2)). Suppose 5*s = c*f + 70, -4*f - 45 - 21 = -5*s. What is the tens digit of s?
1
Let t(p) = 10*p**2 - 2*p - 1. What is the units digit of t(-2)?
3
Let i be 428/16 - 1/(-4). Let g = i + -13. What is the units digit of g?
4
Let b(t) = -t**2 + 8*t - 4. Suppose 5*l - 15 = -3*i, 4*i = 8*i + 4*l - 20. Suppose -4*k - 3*h + h + 16 = 0, i = -k + 4*h. What is the units digit of b(k)?
1
Let m = 0 - -5. Suppose 0 = n + g, -3 = 3*n + 2*g - m. What is the units digit of n?
2
Let u = -1 - -57. What is the tens digit of u?
5
Let n = -12 - -13. What is the units digit of 25/(-20)*(-13 + n)?
5
Suppose -1 = -4*n - 5, 2*j - 4*n - 12 = 0. Let i = -1 + 1. Suppose i = -t + 1 + j. What is the units digit of t?
5
Let m = 0 + 6. Suppose 0 = v + b - m, b = 2*v - 0*b + 3. What is the units digit of v?
1
Let q(i) = -i**3 - 4*i**2 - 2*i - 1. Let w be q(-3). Let j = w + 4. Suppose 3*h + j*h + 7 = -4*m, -2*m = 8. What is the units digit of h?
3
Suppose -2*o - 5 = -3*o. Suppose -o*j + 4*t + 18 = -3, t - 1 = -5*j. What is the units digit of j?
1
Let u = -6 - -7. Suppose -4*l = 0, -u + 3 = b - 3*l. What is the units digit of b?
2
Let h = 94 - 44. Suppose -3*m - h = -8*m. Suppose 5*q - m*q + 90 = 0. What is the tens digit of q?
1
Let x(v) be the first derivative of 6*v + 1/2*v**2 + 1. What is the units digit of x(-5)?
1
Suppose v + 2*v = 6. Let w(d) = -10*d**2 + d - 4*d**3 + v*d**3 + 12 + d**3. What is the units digit of w(-10)?
2
Let q(f) = 109*f**2 - f + 1. What is the units digit of q(1)?
9
Suppose 4*h = 5*l - 133, -2*h - h - 131 = -5*l. Let r = -18 + l. What is the units digit of r?
7
Suppose j = -5*d + 22, -4*d = -d - 9. Let w(r) = -5*r**2 + 0*r - 3 + 3*r + 4*r**2 + 5*r. What is the units digit of w(j)?
4
Suppose -5*d + 35 = 4*z, 3*z - 6 = 2*d + 3. Suppose c + 4*c - 84 = d*m, -78 = 3*m - 3*c. Let i = -8 - m. What is the tens digit of i?
1
Let f(u) = u**2 + 2*u - 2 - 2 + 2*u. Let c be 4*5*1/(-4). What is the units digit of f(c)?
1
Let q = -19 + 10. Let f = 2 - 5. Let n = f - q. What is the units digit of n?
6
Let w(g) = g**3 + 2*g**2 - 1. Let j be w(-2). Let a = 6 + j. Suppose -v = -6*v + 25, a*v = 5*l + 5. What is the units digit of l?
4
Let r = -3 + 1. Let s = r + -19. What is the units digit of (66 - 0)*(-7)/s?
2
Suppose 110*j - 726 = 107*j. What is the hundreds digit of j?
2
Let v = -2 + 3. What is the tens digit of -1 + (v - -3) - -13?
1
Let k = 6 - 2. What is the units digit of k?
4
Suppose 0*p = p - 59. What is the tens digit of p?
5
Let l = 22 - 5. What is the units digit of l?
7
Suppose -7*b = -20*b + 1677. What is the hundreds digit of b?
1
Let g = 49 + -34. What is the tens digit of g?
1
Let n(l) = 2*l**3 - 5*l**2 + 5*l - 16. What is the hundreds digit of n(5)?
1
Suppose -3*r - 14 = 4. Let u = -6 - r. Suppose -4*z - g - 1 = 0, 9 = -z - 2*g - u. What is the units digit of z?
1
Let i = 30 - 15. Suppose -1 = 2*a - i. What is the units digit of a?
7
Let f = 9 + -34. Let u = 13 + f. What is the units digit of (-3)/((-9)/u)*-2?
8
Suppose -4*d + q + 545 = 0, -2*q - 306 - 109 = -3*d. What is the units digit of d?
5
Let p(k) = -k**3 - 7*k**2 + 8*k. Let j be p(-8). Suppose -w + 14 + 1 = j. What is the units digit of w?
5
Suppose 3*j = 2*v - 12, -2*v + 2*j + 2 = 4*j. Suppose -4*b + v*h + 59 = 0, -2*b - 4*h + 35 = 3*b. What is the units digit of b?
1
Let s(n) = -n**2 + n + 13. Let i = 7 + -9. Let o be 2/(-4)*(2 + i). What is the tens digit of s(o)?
1
Let i(s) = -s**3 - 11*s**2 + 9*s. What is the tens digit of i(-12)?
3
Let d(h) = 20*h + 8. What is the tens digit of d(3)?
6
Let f(q) = -q**3 + 18*q**2 - 22*q - 29. What is the units digit of f(16)?
1
Let b(n) = 0 - 2*n - 2*n - 1 - n. What is the units digit of b(-1)?
4
Suppose 3*r - r = -8. Let w be r/2*4/(-4). Suppose 3 = -w*f + 17. What is the units digit of f?
7
Suppose -3*d = 3*v - 258, -v + 4*d + 72 = 6. What is the units digit of v?
2
Suppose c - 29 = -3*u, -5*c + 5*u + 0*u + 85 = 0. Suppose -4*z = -c - 44. What is the units digit of z?
6
Let a be (-6)/(-9) + 5/(-3). Let c(b) = 12*b**2 + 2*b + 1. What is the tens digit of c(a)?
1
Let n = -11 + 7. Let z = 9 + -29. What is the units digit of 18/n*z/15?
6
Let k = 72 - 16. What is the tens digit of k?
5
Let o = -19 - -27. Let k(i) = 2*i + 11. What is the units digit of k(o)?
7
Supp